 - o. Give x(v).
-3
Let b(t) = t**3 + 4*t**2 - 2*t - 6. Let c be b(-4). Suppose -3*u = -c*h - 0*u + 16, 5*h = 3*u + 22. Let n(y) = -5 - 1 + y**2 + 3*y + 2 - h*y. What is n(3)?
8
Let c(r) = r**2 + 2*r - 3. Let q be c(-3). Suppose v = -0*v + 2. Let m(o) = q + o + 0 - v*o. Calculate m(-2).
2
Suppose -4*h - 2 = -2*f, -2*h + 0*h + 5*f - 5 = 0. Let a(t) = 2 + t**3 - 7 + t + 0*t**3. Calculate a(h).
-5
Let s(o) = o - 2. Let y = -46 - -43. Give s(y).
-5
Let i(g) = 4*g**2 - 2*g - 1. Let t = 14 - 10. Let a = t + -4. Let m be (-2)/(2/1 + a). Calculate i(m).
5
Let q(m) be the second derivative of m**3/6 + 2*m**2 + m. Suppose -15 = 4*j + 3*z, -j - 7 = 3*z + 8. Let i = 0 - j. Determine q(i).
4
Suppose 3*s + 0*s = -18. Let b(a) = 7*a**2 - 3*a + 3. Let m(q) = -15*q**2 + 6*q - 6. Let n(f) = s*m(f) - 13*b(f). Give n(2).
-1
Let v = -13 + 19. Let u(f) = f**2 - 3*f - 4. Determine u(v).
14
Let k(m) be the first derivative of m**3/3 - 2*m**2 - 4*m - 9. Give k(4).
-4
Let v = -21 + 25. Let y(q) = q - 6. Calculate y(v).
-2
Let h(j) = -j**2 + 7*j - 6. Suppose 0 = -2*r + s + 11, -s - 3 = -0. Let t be ((-6)/r)/(3/(-40)). Suppose 0 = -3*w - w + t. Give h(w).
4
Let m be 44/(-22) + -4 + 1. Let i(s) = -s**3 - 4*s**2 + 3*s + 6. Let u be (1 - -2)*(-2)/(-6). Let v(h) = -h. Let b(w) = u*i(w) - 2*v(w). What is b(m)?
6
Suppose d - 6 = -5*h - 2*d, 3*h = -2*d + 4. Let u(s) = s**3 + s. Calculate u(h).
0
Suppose -6 = 4*n + 2. Let i(o) = o + 3. Let s be i(n). Let u(f) = f**3 + 2*f**2 - f. Determine u(s).
2
Let f(o) = 3*o + 1. Let a(i) = 4*i + 2. Let q(z) = 2*a(z) - 3*f(z). What is q(-3)?
4
Let j(b) = -4*b + 2*b**2 - 3*b**2 + 4 + 5*b**2 - 3*b**2. Let k be 38/10 + (-1)/(-5). Calculate j(k).
4
Let z(n) = -n - 1. Let v = 153 - 157. Give z(v).
3
Let s(m) = m**2 - 4*m + 3. Let a = -8 + 10. Determine s(a).
-1
Let m be -3 + -3 + 8 + 0. Suppose -h + 1 = -2*n - 9, m*h = -4*n - 12. Let x be h/(3 - 4) + 2. Let a(l) = -l**2 - 5. Calculate a(x).
-5
Let k = 1 + 2. Suppose r = 3*c + 3, 3*c - k*r = -c - 9. Let q(j) = c + 0 + j. Determine q(1).
1
Let q(g) be the second derivative of 3*g - 1/3*g**3 + 0 - 1/20*g**5 - 5/2*g**2 + 5/12*g**4. Suppose 3*a - 8 = 4. Give q(a).
3
Let h(f) = 0*f + 7 + 2 + f. Let i(m) = -8*m - 1. Let j(c) = 17*c + 3. Let v(b) = 5*i(b) + 2*j(b). Let s be v(1). What is h(s)?
4
Let w(l) be the second derivative of l**5/20 + l**4/12 + l**3/3 + l**2 + l. Let s(a) be the first derivative of w(a). Determine s(-2).
10
Suppose 0 = -5*r + 45 + 20. Let m = r + -7. Let s(f) = -4*f + 1. Let v(j) = j + 1. Let l(t) = -s(t) - 3*v(t). Calculate l(m).
2
Let z = 6 + 0. Let d(q) = -6*q + 8*q**2 + 5 + 0*q - q**2 - q**3. What is d(z)?
5
Let v(z) = -6*z**2 + 5*z**2 - 31 + 25 - 4*z. Calculate v(-6).
-18
Let m(c) = -c**3 + 7*c**2 - 7*c + 9. Let y = 67 - 61. What is m(y)?
3
Let r(b) = b + 1. Let s = -3 - -5. What is r(s)?
3
Let j(d) be the third derivative of d**5/60 - d**4/6 - 7*d**3/6 - 5*d**2. Let v = 14 + -9. Calculate j(v).
-2
Let l(r) be the first derivative of -r**3/3 + 7*r**2/2 - 3*r + 23. What is l(6)?
3
Let u(x) = x**3 + 2*x**2 + 3*x + 3. Let z = 5 + -2. Suppose 3*n + z*d + 18 + 0 = 0, d = 5*n + 6. Determine u(n).
-3
Let t(c) = -13*c + 0 - 2 + 12*c. Give t(-6).
4
Let t(w) be the first derivative of -2*w**3/3 - 3*w**2/2 + 3. Suppose 11 = 3*p - 4*v, 0*p = -2*p + 5*v + 19. Let a be (-1)/(p/(-6)) + -1. Calculate t(a).
-9
Let r(u) = u**2 - 9*u + 11. Let f be r(9). Let v = -7 + f. Let g(y) = -5*y + 3*y + v*y. Give g(3).
6
Let n(t) be the second derivative of -t**6/360 - t**5/120 - t**4/8 - t**3/3 + t. Let p(r) be the second derivative of n(r). Give p(0).
-3
Let b(j) = 4*j**2 - 7*j + 2. Let g(s) = 3*s**2 - 5*s + 1. Let u(x) = 5*b(x) - 7*g(x). Let f = -5 + 8. Give u(f).
-6
Let p = -6 - -11. Let x = -5 + p. Let y(f) = -f**3 - f**2 - 3. What is y(x)?
-3
Let x = 118 - 121. Let l(t) = -4*t - 4. What is l(x)?
8
Let i(s) = s**3 + 8*s**2 + 7*s + 3. Let p be i(-7). Let x(f) = p + 2*f - 3. Let z = -23 + 27. What is x(z)?
8
Let q(x) = x + 13. Suppose 3*c + 0*c + 19 = u, 3*u = -5*c - 27. Determine q(c).
7
Let h(y) = 9*y - 15. Let j(g) = g + 2. Let t be j(-4). Let u(w) = 2*w - 3. Let z(x) = t*h(x) + 11*u(x). Calculate z(2).
5
Let a(f) = 6*f**2 - 4*f**3 + 2 - 4*f + 5*f - 3*f**2 + 6*f**3. What is a(-2)?
-4
Let o(b) = 2*b - 2. Let g be 1/(-2)*(0 - 4). Suppose 2 = r - g*r. Let w = r + 4. Give o(w).
2
Let b = -42 + 38. Let v(y) = y**2 + 4*y - 4. Give v(b).
-4
Let o(b) = -4*b + 1. Let a be o(2). Let g = 10 + a. Let l(w) = -3 - 3 + 0 + 5 + g*w. Calculate l(-1).
-4
Let d(j) = -3*j - 2. Suppose -5*q + 33 = w + w, -24 = -w - 4*q. Determine d(w).
-14
Let t(q) = 12*q - 5*q - 1 - 4*q. Calculate t(-1).
-4
Let t(f) be the second derivative of -f**5/20 + 5*f**4/12 + 5*f**3/6 + 2*f**2 + 21*f. What is t(6)?
-2
Let f(y) = y + 2. Let m be (-2 + 4)/((-4)/8). Calculate f(m).
-2
Suppose -2*w - 2*a = -4, 6 + 4 = 3*w + a. Suppose 5*u = w*f - 22, -u + 13 + 0 = 5*f. Let x(h) = -3*h**2 + 1 + 0 + 5*h**2 - f*h + 1. Give x(2).
4
Let o(u) be the first derivative of u**2/2 - u + 1. Let d be o(2). Suppose 0 = x - 2 - d. Let r(q) = -q**3 + 4*q**2 + q - 4. What is r(x)?
8
Let x(d) = d**2 - 4*d - 2. Suppose 5*h + 2 = 12. Let a be 9 + h + -4 + -1. Give x(a).
10
Let w(p) = -4*p - 2. Suppose -2*c - 25 = -7*c, 3*u = 2*c - 16. Let n = 0 + u. Let a = 0 + n. What is w(a)?
6
Let o(d) = -d**2 + d. Let h(r) = -3*r**2 + 8*r - 1. Let c(n) = -h(n) + 6*o(n). Calculate c(-2).
-7
Let h(f) be the third derivative of -f**4/12 + 3*f**3/2 - 3*f**2 + 4*f. What is h(8)?
-7
Let a(z) = -z**3 + 4*z**2 + 7*z - 7. Let f(o) = 15*o - 2*o**3 - 3 - 24 + 12 + 9*o**2. Let c(w) = 13*a(w) - 6*f(w). Calculate c(-2).
-3
Let a(r) = 5*r**3 + 5*r**2 - 7*r - 35. Let u(t) = 2*t**3 + 2*t**2 - 3*t - 17. Let y(w) = -3*a(w) + 7*u(w). Calculate y(0).
-14
Suppose 2*f - 4 - 8 = 0. Let s(g) = g**3 - 6*g**2 + g. What is s(f)?
6
Let p = 6 - 4. Let t(g) = 0 + 2*g**2 - g + 2*g**2 + g**3 + 0*g**p + 2. Determine t(-4).
6
Let i be (-3 - (-10)/2) + 0. Let j = 6 - i. Let t(b) = b**2 - 5*b + 5. Determine t(j).
1
Let r(z) = z**3 - 7*z**2 + 8*z - 7. Let x be ((-2)/(-6))/(4/60*1). What is r(x)?
-17
Suppose 1 = 4*n + 5. Let q(b) be the second derivative of -5*b + 1/3*b**4 + 0 + 1/2*b**2 + 1/6*b**3. Calculate q(n).
4
Let k = 4 + -9. Let z(j) = 5*j**2 - 15*j - 20. Let d(s) = 2*s**2 - 5*s - 7. Let g(p) = 8*d(p) - 3*z(p). What is g(k)?
4
Suppose -5 + 13 = -2*z, -3*z = 4*u. Let i(l) = 2*l. Determine i(u).
6
Let t(i) = -2 + 0*i - 3*i + 2*i - 5. Let k = -4 - -6. Suppose 0 = -k*a - 3*a. Determine t(a).
-7
Suppose -3*h = -2*s - 8, 3*h = -57*s + 61*s + 16. Let b(f) = 2 + 3*f - 2. Give b(s).
-12
Let x(y) = -5*y - 1. Let r(u) be the third derivative of -u**4/24 + 5*u**3/3 - 4*u**2. Let a be r(12). Determine x(a).
9
Let s(v) = -v**3 - 4*v**2 + v + 2. Let p(g) = g**2 + 7*g - 3. Let b = -20 - -13. Let h be p(b). Calculate s(h).
-10
Let p(t) be the third derivative of t**5/60 - 5*t**4/24 - t**3/6 + 10*t**2. Calculate p(5).
-1
Let s(r) = r**3 + 7*r**2 + 6*r + 3. Let f be s(-6). Let n(m) = -7*m + 4. Let t(o) = 8*o - 5. Let c = 10 + -5. Let z(u) = c*t(u) + 6*n(u). Give z(f).
-7
Let d(w) = w**3 - 14*w**2 + 14*w - 13. Suppose -4*q + 26 = -2*q. Let z be d(q). Suppose z = -5*n - 0*n - 10. Let b(f) = f**3. Calculate b(n).
-8
Let r(u) = -u**3 - 4*u**2 + 2*u. Let i be (0 + 3)/((-24)/32). Determine r(i).
-8
Let o(u) = -u**3 + 4*u**2 + u - 3. Let n be -1 + 2 - (-18 + -2). Suppose -5*z = -n + 1. What is o(z)?
1
Let r(s) = 3*s**3 - 2*s**2 + s - 5. Let y(i) = 4*i**3 - 2*i**2 - 6. Let w(z) = 3*r(z) - 2*y(z). Let x be (4/(-7))/((-10)/35). Give w(x).
3
Let o(t) = -t**3 - 4*t**2 - 2*t - 3. Let i be o(-3). Let c(l) be the second derivative of l**4/12 + 2*l**3/3 + l**2 - 3*l. Give c(i).
14
Let d(i) = i + 1. Suppose -b - 2*b + 18 = 0. Suppose 4*h - 4 = -t + 1, 2*h + t = 1. Suppose b + 4 = 2*f + s, s = f - h. Calculate d(f).
5
Suppose 5*o - 48 = -3*l - 15, 2*o - 3*l - 9 = 0. Let z(w) = -4*w + 7. Calculate z(o).
-17
Let d(k) = 3*k - 2. Let v be d(-3). Let n = v + 6. Let f(j) = -j**2 - 5*j + 2. Determine f(n).
2
Let s(w) = 71*w + 65*w - 4 - 137*w. Determine s(-5).
1
Let p(r) = -r**2 + 3*r - 2. Let s be p(2). Let a be -5 + (s - 0)/(-3). Let c(t) = 2*t**2 + 1 + 3 + 7*t - t**2. Determine c(a).
-6
Suppose -3*t = -5*t + 6. Let y(d) = 2*d + d - t + 5 - 4. Cal